((-2)/(-4) + (-5)/y)*-908. Let r = -420 - x. What are the prime factors of r?
3, 29
Let d(v) = -v**2 + 7*v - 8. Let o be d(4). Suppose 0 = o*l - 2*l + 4, 2*l = 4*z - 832. Suppose -3*b - 2*b + 121 = 2*h, b + z = 3*h. List the prime factors of h.
2, 17
Let m(w) = 94*w**2 + 30*w - 66. What are the prime factors of m(6)?
2, 3, 11, 53
Suppose 5*x + 3*z + 4 = 32, 2*z - 16 = -3*x. Suppose -u = x*j - 12*j + 2470, -5*u - 2478 = -4*j. List the prime factors of j.
617
Suppose -4*s + 2143 = n - 901, 3*s - 4*n = 2264. List the prime factors of s.
2, 5, 19
Let u(h) = h**2 + 17*h + 16. Suppose 1 = -r - 2*p, -5*p + 2*p - 40 = -4*r. List the prime factors of u(r).
2, 23
Let b = 84 + -83. Let w(k) = 58*k**2 + 2*k. Let g be w(b). What are the prime factors of ((-16)/(-10))/(6/g)?
2
Let f = 264 - 259. List the prime factors of f/(175/(-14))*-100.
2, 5
Let n(s) = 9*s - 108. Let l be n(12). What are the prime factors of (-56)/7 + l + 582?
2, 7, 41
Let a(s) = 165*s**2 + 113*s + 16. List the prime factors of a(-8).
2, 3, 13, 31
Let j(a) = 2*a**2 - 14*a + 26. Let t(y) = 3*y**2 - 29*y + 51. Let u(x) = 5*j(x) - 3*t(x). Let m be u(11). What are the prime factors of m*(2/(-9) - 0)*-3?
2, 5, 19
Let p = 17177 + 10930. List the prime factors of p.
3, 347
Suppose 7*i - 648 - 1676 = 0. Let y = i + 410. List the prime factors of y.
2, 7, 53
Let s(d) = d**2 + 190*d - 1492. List the prime factors of s(204).
2, 13, 37, 41
Let o = 54 - 49. Suppose 5*k + 703 = 4*c, -591 - 334 = -o*c - 3*k. What are the prime factors of c?
2, 7, 13
Suppose -23364 = -2*c - 2*k, -45*c + 6*k - 35061 = -48*c. What are the prime factors of c?
11677
Let h(m) = 4*m**2 + 164*m + 1504. List the prime factors of h(88).
2, 733
Let h be ((-622)/(-6))/((-16)/(-96)). Let o = 1037 - h. List the prime factors of o.
5, 83
Let m = -768 + 764. What are the prime factors of (0 + 28/m)*(-864)/7?
2, 3
Let c(q) = 2*q + 5. Let i be (-69)/21 + 12/42. Let p be c(i). What are the prime factors of -3 - (p + 4 + -59)?
53
Let g(v) = 1654*v**2 - 80*v + 157. List the prime factors of g(2).
17, 389
List the prime factors of (5/20)/(35/6145300).
5, 8779
Let g = 7443 + -4369. What are the prime factors of ((-14)/84*-6)/(2/g)?
29, 53
Let h be 1/2 + (-3)/(-2). Suppose -h*g = -5*g - 2*g. Suppose 17*i - 16*i - 141 = g. What are the prime factors of i?
3, 47
Let y(w) = 240*w + 717. List the prime factors of y(12).
3, 11, 109
Let c(t) = -t**3 + 22*t**2 - 20*t - 19. Let q be c(21). Suppose 0 = -4*z - 3*u + 741, -q*z = 46*u - 42*u - 378. What are the prime factors of z?
3, 61
Let f(o) = 427*o**2 - 16*o - 1. Suppose -27*t - 25 - 29 = 0. List the prime factors of f(t).
37, 47
Suppose -4*v = -3*a + 5*a - 50, -a = -3*v. Suppose 0 = -a*x + 139 + 2606. List the prime factors of x.
3, 61
Suppose -f = -2*a + 39971, -3*a = 382*f - 387*f - 59939. List the prime factors of a.
2, 19, 263
Let p(s) be the first derivative of 94*s**3/3 + 3*s**2 + 3*s - 14. What are the prime factors of p(3)?
3, 17
Let v(z) = -z**2 + 42*z - 17. Let k(c) = -c**3 - 7*c**2 + 3*c - 17. Let j be k(-8). What are the prime factors of v(j)?
2, 3, 5, 7
Let s(n) = 7*n**2 + 4*n + 2. Let k be s(2). Suppose 0 = -l + 4*f + 195, f + 224 - k = l. List the prime factors of l.
3, 61
Let f be 1*((-7 - -4) + 1) + 19. Suppose 0 = 21*i - f*i - 652. Let t = i - 21. List the prime factors of t.
2, 71
Suppose 460*i + 319*i = 50126313. What are the prime factors of i?
3, 89, 241
Suppose 2*i = 3*h + 8912, -i = -30*h + 32*h - 4470. What are the prime factors of i?
2, 23, 97
Let g(j) = -12*j**2 + 21*j + 37. Let l be g(-5). Let o = l + 2224. What are the prime factors of o?
2, 29
Suppose -a + 371 = -z - 345, -3*z - 15 = 0. What are the prime factors of (a/2 + 3)*2?
3, 239
Let k be (0 - 1)/(4/28). Let w(z) = -3*z**3 - 6*z**2 - 4*z - 11. Let f(s) = -s**3 + s**2 + 2. Let m(c) = 2*f(c) - w(c). List the prime factors of m(k).
2, 3
Suppose -129*h - 2*g = -130*h + 23805, -3 = -3*g. What are the prime factors of h?
7, 19, 179
Suppose 14*l = -88253 + 294361. What are the prime factors of l?
2, 17, 433
Let y be ((-18)/15)/(9/(-30)). Suppose -y*j + 9 = -27. Suppose 753 = j*d - 417. What are the prime factors of d?
2, 5, 13
Let b(x) = -8*x - 30. Let r be b(-4). Suppose 0 = s - r*a - 1008, -15*a = 3*s - 11*a - 3064. What are the prime factors of s?
2, 127
Suppose -2*j - 4*d = -668, -1685 = -4*j - j - 5*d. Suppose 15 = 2*f - 5*f, -l + 486 = -f. Let i = l - j. List the prime factors of i.
3, 47
Let l = 268 - 245. Suppose l*b - 31464 = -13*b. What are the prime factors of b?
2, 19, 23
List the prime factors of (445350/20)/((3/12)/((-2)/(-6))).
2, 5, 2969
Let x be (4 - (-5)/(-1))*69. Let o = x + 34. Let y = -30 - o. What are the prime factors of y?
5
Let v = 26678 - 12852. List the prime factors of v.
2, 31, 223
Suppose -6*n = -483230 + 177572. List the prime factors of n.
3, 16981
Let w be (0 - 1)/((-3)/(-42)). Let m be w/(-35) + 1534/(-10). Let o = m - -254. What are the prime factors of o?
101
Suppose 0 = 5*g - 15, 4*g + 0*g - 210 = 3*k. Let s be -4 + (-210)/k - (-2)/(-11). What are the prime factors of (8 + -2 - s)*9?
3, 7
Let x be (-1)/(-3) + (-9296)/(-48). Let t(g) = -g**2 + 2*g + 7. Let z be t(11). Let d = z + x. List the prime factors of d.
2, 3, 17
Suppose -21279 - 24674 = -8*p + 21255. List the prime factors of p.
31, 271
Let f(i) = 4*i**2 + 16*i - 30. Let w be f(2). Let y = -17 + 2. Let d = y + w. What are the prime factors of d?
3
Let a = -3997 + 10123. What are the prime factors of a?
2, 3, 1021
Let h be (-3)/18*-2*39. Suppose 0 = -g - 15 + 22. Suppose h*u - 702 = g*u. List the prime factors of u.
3, 13
Let w be (-78)/(-6) - (-4 + (-4 - -6)). Suppose -2*j + w*j - 13325 = 0. List the prime factors of j.
5, 41
Let r = -4019 + 40396. List the prime factors of r.
11, 3307
Suppose -4*d + 166 = 150. What are the prime factors of -6 + 4 + d + 369?
7, 53
Let q(i) = 2*i**2 - 12*i + 0*i**2 + 0*i**2 + 10 + 1. Suppose -4*r + 6*r - 14 = 0. What are the prime factors of q(r)?
5
Suppose 0 = 26*c + c - 47736. Let m = -771 + c. List the prime factors of m.
997
Suppose -42014 = -234*r + 220*r. What are the prime factors of r?
3001
Let z = -61 + 58. Let o be 1*(-2 + 1) - z. List the prime factors of (o + (-10)/4)*(-123 - -7).
2, 29
Suppose -a - 2500 - 13707 = -2*l, -4*l = -5*a - 32399. What are the prime factors of l?
2, 3, 7, 193
What are the prime factors of 92825/20 - (-12)/(-48)?
3, 7, 13, 17
Let y(d) = 11*d**2 - 31*d - 101. Let o = -878 + 868. List the prime factors of y(o).
7, 11, 17
Suppose 0 = 5*w + 10, -3*q + 5*w + 11440 = 2*q. Let r = 3497 - q. List the prime factors of r.
7, 173
Let d = 302 - 186. Suppose 153*s - 73*s = -8800. Let q = s + d. What are the prime factors of q?
2, 3
Suppose 4*n - 37308 = 44*r - 40*r, -4*r = -3*n + 27983. What are the prime factors of n?
5, 373
Let p = -12932 - -20872. List the prime factors of p.
2, 5, 397
Let x = -17979 + 38459. List the prime factors of x.
2, 5
Suppose 21918 = -131*t + 6304809. List the prime factors of t.
3, 73
Suppose -2*r - 67 - 17 = -4*v, -108 = 2*r + 2*v. Let o = r - -54. Suppose 5*a - 3*g - 225 = 0, 5*g + 172 + 8 = o*a. List the prime factors of a.
3, 5
Suppose -132027 = -184*q + 363*q - 182*q. List the prime factors of q.
7, 6287
Let b = 46480 - 24087. What are the prime factors of b?
7, 457
Let p(t) = -101*t + 1367. List the prime factors of p(-14).
3, 103
Let b(q) = 8*q + 9*q - 21 - 2*q - q. Suppose 89*t - 6 = 88*t. List the prime factors of b(t).
3, 7
Let k(d) = 1327*d**3 + 18*d**2 - 39*d - 6. What are the prime factors of k(2)?
2, 11, 241
Let i(t) = -2*t - 17. Let u be i(-8). Let r be -4 + 3 + u - -329. Suppose 9*f + r = 12*f. List the prime factors of f.
109
Suppose 5 = 5*t, 0 = 4*o + 2*t + 629 + 3185. Let j = -630 - o. List the prime factors of j.
2, 3
Let y(d) = -d**2 - 18*d + 44. Suppose -8 = h + 12. Let x be y(h). Let t(z) = z**3 + 4*z**2 - 6*z - 12. What are the prime factors of t(x)?
2, 23
Let h = 243 + -239. Suppose h*b - 4*q = -0*b + 248, 2*b + q = 139. List the prime factors of b.
67
Let c(z) = -z**3 + 10*z**2 + 21*z + 15. Let h = 109 + -66. Suppose 3*r - 2*f = -4*f + h, f + 39 = 4*r. What are the prime factors of c(r)?
5
Let r(p) = 5*p**2 - 48*p - 5423. List the prime factors of r(-50).
3, 13
Suppose 3*m + 3*o - 855 = 396, 2*m - o = 819. Let